
Calculate the remainder when 10247 is divided by 928.
39
Calculate the remainder when 4601329 is divided by 1247.
1146
Calculate the remainder when 48598446 is divided by 5399825.
21
What is the remainder when 477405 is divided by 477385?
20
What is the remainder when 384825 is divided by 132?
45
Calculate the remainder when 76230160 is divided by 6816.
16
Calculate the remainder when 490799 is divided by 1424.
943
What is the remainder when 396998 is divided by 6728?
46
Calculate the remainder when 140614256 is divided by 23435706.
20
Calculate the remainder when 288664 is divided by 14432.
24
Calculate the remainder when 669501 is divided by 111581.
15
Calculate the remainder when 256604 is divided by 5597.
4739
Calculate the remainder when 3160039 is divided by 1579784.
471
Calculate the remainder when 97370341 is divided by 586.
581
Calculate the remainder when 1167812 is divided by 1182.
1178
What is the remainder when 9029833 is divided by 167219?
7
Calculate the remainder when 9049097 is divided by 8.
1
What is the remainder when 400292 is divided by 50033?
28
What is the remainder when 2906819 is divided by 15?
14
Calculate the remainder when 2309240 is divided by 1153594.
2052
Calculate the remainder when 373938 is divided by 6452.
6174
Calculate the remainder when 134390 is divided by 1947.
47
Calculate the remainder when 206981 is divided by 41391.
26
Calculate the remainder when 40171093 is divided by 45.
43
What is the remainder when 88001 is divided by 2155?
1801
What is the remainder when 982294 is divided by 370?
314
What is the remainder when 6362278 is divided by 1517?
1497
Calculate the remainder when 1847190 is divided by 13194.
30
Calculate the remainder when 5501421 is divided by 2750698.
25
What is the remainder when 9191917 is divided by 101?
8
Calculate the remainder when 441256328 is divided by 81.
80
What is the remainder when 65472555 is divided by 1702?
19
Calculate the remainder when 28297941 is divided by 17.
13
Calculate the remainder when 48698 is divided by 592.
154
What is the remainder when 2015944 is divided by 22398?
124
Calculate the remainder when 2807103 is divided by 431.
0
What is the remainder when 57002 is divided by 10547?
4267
Calculate the remainder when 52443215 is divided by 1302.
1259
Calculate the remainder when 9535345 is divided by 739.
28
Calculate the remainder when 3685705 is divided by 161.
93
Calculate the remainder when 13735982 is divided by 51.
50
Calculate the remainder when 30583 is divided by 2812.
2463
Calculate the remainder when 382535 is divided by 5684.
1707
What is the remainder when 14589375 is divided by 1028?
1027
What is the remainder when 33246 is divided by 10194?
2664
Calculate the remainder when 40154669 is divided by 79357.
27
Calculate the remainder when 1682732 is divided by 302.
290
Calculate the remainder when 445886 is divided by 148404.
674
What is the remainder when 147734 is divided by 22?
4
What is the remainder when 70160097 is divided by 50?
47
What is the remainder when 7866631 is divided by 35?
31
Calculate the remainder when 594940 is divided by 3132.
2992
Calculate the remainder when 15885499 is divided by 408.
19
Calculate the remainder when 699965 is divided by 9.
8
Calculate the remainder when 68451 is divided by 706.
675
What is the remainder when 448999 is divided by 449?
448
Calculate the remainder when 1234106 is divided by 1234105.
1
What is the remainder when 290932276 is divided by 3738?
3736
Calculate the remainder when 2565117 is divided by 525.
492
What is the remainder when 83559607 is divided by 4427?
4409
Calculate the remainder when 468674 is divided by 1077.
179
What is the remainder when 139410 is divided by 6954?
330
What is the remainder when 13302027 is divided by 7885?
32
What is the remainder when 1921402 is divided by 640311?
469
What is the remainder when 84709469 is divided by 34?
33
Calculate the remainder when 462270 is divided by 56.
46
What is the remainder when 3402067678 is divided by 396?
394
Calculate the remainder when 33471523 is divided by 11157171.
10
What is the remainder when 424488 is divided by 104684?
5752
Calculate the remainder when 15893678 is divided by 79.
63
Calculate the remainder when 1998735 is divided by 465.
165
Calculate the remainder when 6393870 is divided by 279.
27
Calculate the remainder when 94529199 is divided by 100.
99
Calculate the remainder when 544282 is divided by 168.
130
Calculate the remainder when 1909220 is divided by 1167.
8
Calculate the remainder when 6980317 is divided by 3490014.
289
What is the remainder when 1957061 is divided by 1956389?
672
What is the remainder when 9095622 is divided by 359?
357
What is the remainder when 79646847 is divided by 17?
11
What is the remainder when 16552079 is divided by 113?
65
What is the remainder when 3008811 is divided by 200575?
186
What is the remainder when 856872 is divided by 246?
54
What is the remainder when 1290026 is divided by 13?
10
What is the remainder when 76443464 is divided by 3185144?
8
What is the remainder when 7232543 is divided by 390?
383
What is the remainder when 11298 is divided by 2446?
1514
What is the remainder when 331316 is divided by 1001?
986
Calculate the remainder when 3765761 is divided by 344.
337
What is the remainder when 6263205 is divided by 184211?
31
Calculate the remainder when 27148295 is divided by 371.
370
What is the remainder when 1110050 is divided by 554498?
1054
Calculate the remainder when 693357 is divided by 370.
347
What is the remainder when 3078333 is divided by 28?
13
What is the remainder when 1976277 is divided by 988131?
15
Calculate the remainder when 1982706 is divided by 660460.
1326
Calculate the remainder when 6382845 is divided by 96.
93
Calculate the remainder when 18546566 is divided by 575.
516
Calculate the remainder when 29209 is divided by 71.
28
Calculate the remainder when 535697 is divided by 535649.
48
Calculate the remainder when 60396 is divided by 6033.
66
Calculate the remainder when 299046 is divided by 335.
226
Calculate the remainder when 11191420 is divided by 803.
9
Calculate the remainder when 593712 is divided by 86.
54
What is the remainder when 134347 is divided by 11135?
727
Calculate the remainder when 120079407 is divided by 23.
18
Calculate the remainder when 55906 is divided by 1122.
928
Calculate the remainder when 31073 is divided by 61.
24
Calculate the remainder when 107114 is divided by 137.
117
What is the remainder when 713529 is divided by 1020?
549
What is the remainder when 1361221 is divided by 3232?
549
What is the remainder when 1842596 is divided by 3715?
3671
Calculate the remainder when 999529 is divided by 111030.
259
Calculate the remainder when 2641610 is divided by 528322.
0
What is the remainder when 348632 is divided by 370?
92
Calculate the remainder when 1092521 is divided by 22.
1
Calculate the remainder when 4775364 is divided by 1169.
1168
What is the remainder when 71928812 is divided by 348?
344
What is the remainder when 58785 is divided by 19534?
183
Calculate the remainder when 2093417 is divided by 348902.
5
Calculate the remainder when 39420 is divided by 498.
78
Calculate the remainder when 1951564 is divided by 390267.
229
What is the remainder when 29839011 is divided by 10139?
10073
Calculate the remainder when 24485067 is divided by 2588.
2587
What is the remainder when 11989955 is divided by 371?
348
Calculate the remainder when 30730722 is divided by 8.
2
Calculate the remainder when 636298 is divided by 3042.
520
Calculate the remainder when 10296 is divided by 2486.
352
What is the remainder when 9369401 is divided by 686?
13
Calculate the remainder when 183984670 is divided by 16.
14
Calculate the remainder when 171397 is divided by 474.
283
What is the remainder when 70809737 is divided by 177468?
5
What is the remainder when 899242 is divided by 9349?
1738
Calculate the remainder when 444554 is divided by 49387.
71
Calculate the remainder when 64348404 is divided by 6313.
6308
Calculate the remainder when 1428035 is divided by 882.
77
What is the remainder when 116914 is divided by 1197?
805
What is the remainder when 3692742 is divided by 1197?
1194
Calculate the remainder when 74413173 